{"id":623,"date":"2026-01-20T17:26:54","date_gmt":"2026-01-20T14:26:54","guid":{"rendered":"http:\/\/univ-eltarf.dz\/ucbet\/fsnv\/?page_id=623"},"modified":"2026-01-20T17:33:18","modified_gmt":"2026-01-20T14:33:18","slug":"vdpg","status":"publish","type":"page","link":"http:\/\/univ-eltarf.dz\/ucbet\/fsnv\/vdpg\/","title":{"rendered":"\u0646\u064a\u0627\u0628\u0629 \u0627\u0644\u0639\u0645\u0627\u062f\u0629 \u0644\u0645\u0627 \u0628\u0639\u062f \u0627\u0644\u062a\u062f\u0631\u062c \u0648 \u0627\u0644\u0628\u062d\u062b \u0627\u0644\u0639\u0644\u0645\u064a \u0648 \u0627\u0644\u0639\u0644\u0627\u0642\u0627\u062a \u0627\u0644\u062e\u0627\u0631\u062c\u064a\u0629"},"content":{"rendered":"\t\t<div data-elementor-type=\"wp-page\" data-elementor-id=\"623\" class=\"elementor elementor-623\" data-elementor-settings=\"[]\">\n\t\t\t\t\t\t\t<div class=\"elementor-section-wrap\">\n\t\t\t\t\t\t\t<section data-particle_enable=\"false\" data-particle-mobile-disabled=\"false\" class=\"elementor-section elementor-top-section elementor-element elementor-element-53efc5f elementor-section-boxed elementor-section-height-default elementor-section-height-default\" data-id=\"53efc5f\" data-element_type=\"section\" data-settings=\"{&quot;background_background&quot;:&quot;classic&quot;,&quot;_ha_eqh_enable&quot;:false}\">\n\t\t\t\t\t\t<div class=\"elementor-container elementor-column-gap-default\">\n\t\t\t\t\t<div class=\"elementor-column elementor-col-100 elementor-top-column elementor-element elementor-element-bda5de1\" data-id=\"bda5de1\" data-element_type=\"column\">\n\t\t\t<div class=\"elementor-widget-wrap elementor-element-populated\">\n\t\t\t\t\t\t\t\t<div class=\"elementor-element elementor-element-6fce192 elementor-widget elementor-widget-page-title\" data-id=\"6fce192\" data-element_type=\"widget\" data-settings=\"{&quot;align&quot;:&quot;center&quot;}\" data-widget_type=\"page-title.default\">\n\t\t\t\t<div class=\"elementor-widget-container\">\n\t\t\t\t\t\n\t\t<div class=\"hfe-page-title hfe-page-title-wrapper elementor-widget-heading\">\n\n\t\t\t\t\t\t\t\t\t\t\t<a href=\"http:\/\/univ-eltarf.dz\/ucbet\/fsnv\">\n\t\t\t\t\t\t<h2 class=\"elementor-heading-title elementor-size-default\">\n\t\t\t\t\t\t\t\t\n\t\t\t\t\u0646\u064a\u0627\u0628\u0629 \u0627\u0644\u0639\u0645\u0627\u062f\u0629 \u0644\u0645\u0627 \u0628\u0639\u062f \u0627\u0644\u062a\u062f\u0631\u062c \u0648 \u0627\u0644\u0628\u062d\u062b \u0627\u0644\u0639\u0644\u0645\u064a \u0648 \u0627\u0644\u0639\u0644\u0627\u0642\u0627\u062a \u0627\u0644\u062e\u0627\u0631\u062c\u064a\u0629  \n\t\t\t<\/h2 > \n\t\t\t\t\t\t\t\t\t<\/a>\n\t\t\t\t\t<\/div>\n\t\t\t\t<\/div>\n\t\t\t\t<\/div>\n\t\t\t\t\t<\/div>\n\t\t<\/div>\n\t\t\t\t\t\t\t<\/div>\n\t\t<\/section>\n\t\t\t\t<section data-particle_enable=\"false\" data-particle-mobile-disabled=\"false\" class=\"elementor-section elementor-top-section elementor-element elementor-element-4af7905 elementor-section-boxed elementor-section-height-default elementor-section-height-default\" data-id=\"4af7905\" data-element_type=\"section\" data-settings=\"{&quot;_ha_eqh_enable&quot;:false}\">\n\t\t\t\t\t\t<div class=\"elementor-container elementor-column-gap-default\">\n\t\t\t\t\t<div class=\"elementor-column elementor-col-50 elementor-top-column elementor-element elementor-element-6a7931a\" data-id=\"6a7931a\" data-element_type=\"column\">\n\t\t\t<div class=\"elementor-widget-wrap elementor-element-populated\">\n\t\t\t\t\t\t\t\t<div class=\"elementor-element elementor-element-b95f431 elementor-widget elementor-widget-image\" data-id=\"b95f431\" data-element_type=\"widget\" data-widget_type=\"image.default\">\n\t\t\t\t<div class=\"elementor-widget-container\">\n\t\t\t<style>\/*! elementor - v3.5.5 - 03-02-2022 *\/\n.elementor-widget-image{text-align:center}.elementor-widget-image a{display:inline-block}.elementor-widget-image a img[src$=\".svg\"]{width:48px}.elementor-widget-image img{vertical-align:middle;display:inline-block}<\/style>\t\t\t\t\t\t\t\t\t\t\t\t<img width=\"348\" height=\"433\" src=\"http:\/\/univ-eltarf.dz\/ucbet\/fsnv\/wp-content\/uploads\/sites\/7\/2026\/01\/rachedi-mounira.jpg\" class=\"attachment-large size-large\" alt=\"\" loading=\"lazy\" srcset=\"http:\/\/univ-eltarf.dz\/ucbet\/fsnv\/wp-content\/uploads\/sites\/7\/2026\/01\/rachedi-mounira.jpg 348w, http:\/\/univ-eltarf.dz\/ucbet\/fsnv\/wp-content\/uploads\/sites\/7\/2026\/01\/rachedi-mounira-241x300.jpg 241w\" sizes=\"(max-width: 348px) 100vw, 348px\" \/>\t\t\t\t\t\t\t\t\t\t\t\t\t\t\t<\/div>\n\t\t\t\t<\/div>\n\t\t\t\t<div class=\"elementor-element elementor-element-6e403f4 elementor-widget elementor-widget-heading\" data-id=\"6e403f4\" data-element_type=\"widget\" data-widget_type=\"heading.default\">\n\t\t\t\t<div class=\"elementor-widget-container\">\n\t\t\t<style>\/*! elementor - v3.5.5 - 03-02-2022 *\/\n.elementor-heading-title{padding:0;margin:0;line-height:1}.elementor-widget-heading .elementor-heading-title[class*=elementor-size-]>a{color:inherit;font-size:inherit;line-height:inherit}.elementor-widget-heading .elementor-heading-title.elementor-size-small{font-size:15px}.elementor-widget-heading .elementor-heading-title.elementor-size-medium{font-size:19px}.elementor-widget-heading .elementor-heading-title.elementor-size-large{font-size:29px}.elementor-widget-heading .elementor-heading-title.elementor-size-xl{font-size:39px}.elementor-widget-heading .elementor-heading-title.elementor-size-xxl{font-size:59px}<\/style><h2 class=\"elementor-heading-title elementor-size-default\">\u0627\u0644\u062f\u0643\u062a\u0648\u0631\u0629: \u0631\u0627\u0634\u062f\u064a \u0645\u0646\u064a\u0631\u0629<\/h2>\t\t<\/div>\n\t\t\t\t<\/div>\n\t\t\t\t<div class=\"elementor-element elementor-element-44590ac elementor-widget elementor-widget-heading\" data-id=\"44590ac\" data-element_type=\"widget\" data-widget_type=\"heading.default\">\n\t\t\t\t<div class=\"elementor-widget-container\">\n\t\t\t<h2 class=\"elementor-heading-title elementor-size-default\">\u0646\u0627\u0626\u0628 \u0627\u0644\u0639\u0645\u064a\u062f \u0627\u0644\u0645\u0643\u0644\u0641 \u0644\u0645\u0627 \u0628\u0639\u062f \u0627\u0644\u062a\u062f\u0631\u062c \u0648 \u0627\u0644\u0628\u062d\u062b \u0627\u0644\u0639\u0644\u0645\u064a \u0648 \u0627\u0644\u0639\u0644\u0627\u0642\u0627\u062a \u0627\u0644\u062e\u0627\u0631\u062c\u064a\u0629<\/h2>\t\t<\/div>\n\t\t\t\t<\/div>\n\t\t\t\t<div class=\"elementor-element elementor-element-280d805 elementor-widget elementor-widget-heading\" data-id=\"280d805\" data-element_type=\"widget\" data-widget_type=\"heading.default\">\n\t\t\t\t<div class=\"elementor-widget-container\">\n\t\t\t<h2 class=\"elementor-heading-title elementor-size-default\">Email: rachedi-mounira@univ-eltarf.dz<\/h2>\t\t<\/div>\n\t\t\t\t<\/div>\n\t\t\t\t\t<\/div>\n\t\t<\/div>\n\t\t\t\t<div class=\"elementor-column elementor-col-50 elementor-top-column elementor-element elementor-element-1b7a8e7\" data-id=\"1b7a8e7\" data-element_type=\"column\">\n\t\t\t<div class=\"elementor-widget-wrap elementor-element-populated\">\n\t\t\t\t\t\t\t\t<div class=\"elementor-element elementor-element-42f7f63 elementor-widget elementor-widget-heading\" data-id=\"42f7f63\" data-element_type=\"widget\" data-widget_type=\"heading.default\">\n\t\t\t\t<div class=\"elementor-widget-container\">\n\t\t\t<h2 class=\"elementor-heading-title elementor-size-default\">MOT DE LA PG DE LA FSNV<\/h2>\t\t<\/div>\n\t\t\t\t<\/div>\n\t\t\t\t<div class=\"elementor-element elementor-element-895d65e elementor-widget elementor-widget-text-editor\" data-id=\"895d65e\" data-element_type=\"widget\" data-widget_type=\"text-editor.default\">\n\t\t\t\t<div class=\"elementor-widget-container\">\n\t\t\t<style>\/*! elementor - v3.5.5 - 03-02-2022 *\/\n.elementor-widget-text-editor.elementor-drop-cap-view-stacked .elementor-drop-cap{background-color:#818a91;color:#fff}.elementor-widget-text-editor.elementor-drop-cap-view-framed .elementor-drop-cap{color:#818a91;border:3px solid;background-color:transparent}.elementor-widget-text-editor:not(.elementor-drop-cap-view-default) .elementor-drop-cap{margin-top:8px}.elementor-widget-text-editor:not(.elementor-drop-cap-view-default) .elementor-drop-cap-letter{width:1em;height:1em}.elementor-widget-text-editor .elementor-drop-cap{float:right;text-align:center;line-height:1;font-size:50px}.elementor-widget-text-editor .elementor-drop-cap-letter{display:inline-block}<\/style>\t\t\t\t<p>Le service de Post graduation, de Recherche et de Relations ext\u00e9rieures de la Facult\u00e9 des Sciences de la Nature et de la Vie de l\u2019Universit\u00e9 Chadli-Bendjedid d\u2019El-Tarf a pour mission d\u2019assurer le suivi et la coordination des activit\u00e9s de formation post gradu\u00e9e, de promouvoir et d\u2019encadrer la recherche scientifique, ainsi que de d\u00e9velopper les relations de coop\u00e9ration avec les partenaires nationaux et internationaux.<\/p><p>Il \u0153uvre \u00e0 l\u2019accompagnement des \u00e9tudiants de troisi\u00e8me cycle, au soutien des \u00e9quipes et structures de recherche, \u00e0 la valorisation des r\u00e9sultats scientifiques et \u00e0 l\u2019ouverture de la facult\u00e9 sur son environnement socio-\u00e9conomique. \u00c0 travers ses actions, le service contribue au renforcement de la qualit\u00e9 acad\u00e9mique, \u00e0 l\u2019innovation scientifique et au rayonnement institutionnel de la facult\u00e9.<\/p>\t\t\t\t\t\t<\/div>\n\t\t\t\t<\/div>\n\t\t\t\t\t<\/div>\n\t\t<\/div>\n\t\t\t\t\t\t\t<\/div>\n\t\t<\/section>\n\t\t\t\t\t\t<\/div>\n\t\t\t\t\t<\/div>\n\t\t","protected":false},"excerpt":{"rendered":"<p>\u0646\u064a\u0627\u0628\u0629 \u0627\u0644\u0639\u0645\u0627\u062f\u0629 \u0644\u0645\u0627 \u0628\u0639\u062f \u0627\u0644\u062a\u062f\u0631\u062c \u0648 \u0627\u0644\u0628\u062d\u062b \u0627\u0644\u0639\u0644\u0645\u064a \u0648 \u0627\u0644\u0639\u0644\u0627\u0642\u0627\u062a \u0627\u0644\u062e\u0627\u0631\u062c\u064a\u0629 \u0627\u0644\u062f\u0643\u062a\u0648\u0631\u0629: \u0631\u0627\u0634\u062f\u064a \u0645\u0646\u064a\u0631\u0629 \u0646\u0627\u0626\u0628 \u0627\u0644\u0639\u0645\u064a\u062f \u0627\u0644\u0645\u0643\u0644\u0641 \u0644\u0645\u0627 \u0628\u0639\u062f \u0627\u0644\u062a\u062f\u0631\u062c \u0648 \u0627\u0644\u0628\u062d\u062b \u0627\u0644\u0639\u0644\u0645\u064a \u0648 \u0627\u0644\u0639\u0644\u0627\u0642\u0627\u062a \u0627\u0644\u062e\u0627\u0631\u062c\u064a\u0629 Email: rachedi-mounira@univ-eltarf.dz MOT DE LA PG DE LA FSNV Le service de Post graduation, de Recherche et de Relations ext\u00e9rieures de la Facult\u00e9 des Sciences de la Nature et [&hellip;]<\/p>\n<div class=\"pvc_clear\"><\/div>\n<p id=\"pvc_stats_623\" class=\"pvc_stats all  \" data-element-id=\"623\" style=\"\"><i class=\"pvc-stats-icon medium\" aria-hidden=\"true\"><svg aria-hidden=\"true\" focusable=\"false\" data-prefix=\"far\" data-icon=\"chart-bar\" role=\"img\" xmlns=\"http:\/\/www.w3.org\/2000\/svg\" viewBox=\"0 0 512 512\" class=\"svg-inline--fa fa-chart-bar fa-w-16 fa-2x\"><path fill=\"currentColor\" d=\"M396.8 352h22.4c6.4 0 12.8-6.4 12.8-12.8V108.8c0-6.4-6.4-12.8-12.8-12.8h-22.4c-6.4 0-12.8 6.4-12.8 12.8v230.4c0 6.4 6.4 12.8 12.8 12.8zm-192 0h22.4c6.4 0 12.8-6.4 12.8-12.8V140.8c0-6.4-6.4-12.8-12.8-12.8h-22.4c-6.4 0-12.8 6.4-12.8 12.8v198.4c0 6.4 6.4 12.8 12.8 12.8zm96 0h22.4c6.4 0 12.8-6.4 12.8-12.8V204.8c0-6.4-6.4-12.8-12.8-12.8h-22.4c-6.4 0-12.8 6.4-12.8 12.8v134.4c0 6.4 6.4 12.8 12.8 12.8zM496 400H48V80c0-8.84-7.16-16-16-16H16C7.16 64 0 71.16 0 80v336c0 17.67 14.33 32 32 32h464c8.84 0 16-7.16 16-16v-16c0-8.84-7.16-16-16-16zm-387.2-48h22.4c6.4 0 12.8-6.4 12.8-12.8v-70.4c0-6.4-6.4-12.8-12.8-12.8h-22.4c-6.4 0-12.8 6.4-12.8 12.8v70.4c0 6.4 6.4 12.8 12.8 12.8z\" class=\"\"><\/path><\/svg><\/i> <img loading=\"lazy\" width=\"16\" height=\"16\" alt=\"Loading\" src=\"http:\/\/univ-eltarf.dz\/ucbet\/fsnv\/wp-content\/plugins\/page-views-count\/ajax-loader-2x.gif\" border=0 \/><\/p>\n<div class=\"pvc_clear\"><\/div>\n","protected":false},"author":1,"featured_media":638,"parent":0,"menu_order":0,"comment_status":"closed","ping_status":"closed","template":"","meta":{"om_disable_all_campaigns":false},"_links":{"self":[{"href":"http:\/\/univ-eltarf.dz\/ucbet\/fsnv\/wp-json\/wp\/v2\/pages\/623"}],"collection":[{"href":"http:\/\/univ-eltarf.dz\/ucbet\/fsnv\/wp-json\/wp\/v2\/pages"}],"about":[{"href":"http:\/\/univ-eltarf.dz\/ucbet\/fsnv\/wp-json\/wp\/v2\/types\/page"}],"author":[{"embeddable":true,"href":"http:\/\/univ-eltarf.dz\/ucbet\/fsnv\/wp-json\/wp\/v2\/users\/1"}],"replies":[{"embeddable":true,"href":"http:\/\/univ-eltarf.dz\/ucbet\/fsnv\/wp-json\/wp\/v2\/comments?post=623"}],"version-history":[{"count":7,"href":"http:\/\/univ-eltarf.dz\/ucbet\/fsnv\/wp-json\/wp\/v2\/pages\/623\/revisions"}],"predecessor-version":[{"id":637,"href":"http:\/\/univ-eltarf.dz\/ucbet\/fsnv\/wp-json\/wp\/v2\/pages\/623\/revisions\/637"}],"wp:featuredmedia":[{"embeddable":true,"href":"http:\/\/univ-eltarf.dz\/ucbet\/fsnv\/wp-json\/wp\/v2\/media\/638"}],"wp:attachment":[{"href":"http:\/\/univ-eltarf.dz\/ucbet\/fsnv\/wp-json\/wp\/v2\/media?parent=623"}],"curies":[{"name":"wp","href":"https:\/\/api.w.org\/{rel}","templated":true}]}}